h**4/4 - 4*h**3/3 + h**2/2 - 3. Calculate u(k).
4
Suppose -185*g + 44 = -174*g. Let x(j) = 3*j**2 - 4*j + 2. Calculate x(g).
34
Suppose -68 = 3*w - 5*n, n + 86 = 93. Let h(s) = 10*s + 5. Determine h(w).
-105
Let p(q) be the first derivative of 228 - 1/2*q**2 - 7*q. Determine p(-13).
6
Suppose -57 = 3*y + z - 143, y - 34 = z. Let b = 14 + -46. Let x = b + y. Let l(u) = u**3 + u**2 - 3*u - 1. Give l(x).
1
Let n be 1/(6/(-3 - -15)). Suppose -5*i - 30 = -5*h, -n*h + 4*h = i + 10. Let j(m) = -3*m**2 + 3*m + 3. Calculate j(i).
-15
Suppose -4*z + 33 = -15. Let n(u) = 7 + u - 46 - 8*u + z*u. Let v be n(9). Let f(h) = -h**3 + 6*h**2 + 2*h - 6. Calculate f(v).
6
Let v(b) = -4*b**2 - 4*b - 5. Let p(s) = -8*s**2 - 10*s - 12. Let i(q) = -2*p(q) + 5*v(q). Determine i(-4).
-65
Let g(r) = 3*r**2 + 2*r + 3. Let c = -206 - -206. Suppose c = -81*b + 94*b + 39. Calculate g(b).
24
Let i(b) = -b**3 - 6*b**2 + 8*b + 3. Suppose -215 + 463 = -10*w + 178. Determine i(w).
-4
Let a(c) be the second derivative of -2*c**3 + 37*c**2/2 - 2207*c. Calculate a(3).
1
Let r(i) = -i - 1. Let q(b) = -b. Let f(s) = s**2 - s. Let j be f(-2). Let y(v) = j*q(v) - 5*r(v). Let a be 15/(-45) + 38/6. Determine y(a).
-1
Suppose 0 = -7*d - 9*d + 42*d - 52. Let n(f) = -21*f**2 + 3*f - 3. What is n(d)?
-81
Let w(b) = -b**2 - 234*b + 714. Let d be w(3). Let r(v) = 17*v + 3. Determine r(d).
54
Let i(s) = 2*s + 9. Let p(w) = 31*w - 109. Let x(u) = -6*i(u) + p(u). Calculate x(9).
8
Let i(p) be the first derivative of -3*p**2/2 - 7*p + 9. Let m = 40 + -7. Suppose -3*t = 2*a + 11, -4*a - m = -t - 4*t. Determine i(a).
14
Let l = -92 - -88. Let y(v) = v**3 + 10*v**2 + 7*v + 5. Give y(l).
73
Suppose -379 + 1679 = 26*r. Suppose 4*i = 3*m - 43, -5*m + i = -r - 16. Let s(a) = 2*a - 14. Calculate s(m).
12
Let p(h) = -11*h**2 + 25*h - 50. Let i(l) = -9*l**2 + 23*l - 51. Let j(a) = 5*i(a) - 4*p(a). What is j(9)?
-1
Suppose 5*k - 4*g - 384 = -3*g, -2*g + 2 = 0. Suppose 2*b = 3*q - 4*q + 41, -4*b - q + k = 0. Let u = 14 - b. Let t(y) = y**3 + 4*y**2 + 2. Calculate t(u).
2
Suppose 22 = n - 5*s, -s - 34 = 3*n + 4*s. Let i(c) = -68 + 48 + 11*c + 24. Give i(n).
-29
Let f(p) = -260 - 20*p - 60*p - 30*p + 111*p - 20*p. Determine f(-14).
6
Let h(p) = p + 1. Let w be h(0). Let g(z) = 6*z**3 - 112091 + 112089 - 4*z**2 - 17*z + 2*z**2 + 20*z. Calculate g(w).
5
Let r(z) = 4*z**2 - z + 3. Let i(k) = -3*k**2 + k - 2. Let s(y) = 5*i(y) + 2*r(y). Let p(x) = 13*x**2 - 5*x + 6. Let m(b) = 6*p(b) + 11*s(b). What is m(-7)?
20
Let r be (-7 - -1)*(-5173)/(-42). Let b = -738 - r. Let d(t) = 18*t**3 - t**2 + 2*t - 1. Determine d(b).
18
Let a = 69 + -20. Suppose 0 = 5*h - a + 19. Let i(f) be the second derivative of f**3/6 + 5*f**2/2 + 4*f. What is i(h)?
11
Suppose -14*f + 6 = -8*f. Let n(u) = -7*u + 5. Let q(i) = -i - 1. Let b(r) = f*n(r) + 4*q(r). What is b(2)?
-21
Let d be (-5 - -1) + 92 + -93. Let f(y) = 2*y + 418 - 3*y - 434. Calculate f(d).
-11
Let g(b) = b**3 + 3*b**2 - 3*b - 2. Suppose -3 - 313 = -2*r - 5*f, 2*f = r - 176. Suppose -167*j + 3 = -r*j. Calculate g(j).
7
Let b(a) = 2*a**2 + 5*a + 5. Suppose 3*i = -4*h - 20, -3*i + 58 = 2*h + 68. Give b(i).
5
Suppose -n + 6*n - 30 = 0. Suppose n*d = 46 - 34. Let x(l) = -l + l**2 - 2*l**2 - 3*l + 3. Determine x(d).
-9
Let c(n) = -n**2 - 8*n - 8. Suppose 1013 - 158 = -15*s. Let j = 56 + s. Let q be j/1*(1 + (-4 - -9)). Calculate c(q).
4
Let n = -212 + 213. Let z(g) = -10*g - 21. Let v(r) = -r - 4. Let i(p) = n*z(p) - 5*v(p). Determine i(2).
-11
Let f(t) be the third derivative of 5*t**4/24 + 17*t**3/6 - t**2 + 430*t - 1. What is f(-7)?
-18
Let h(j) = 7178 - 3606 + 9*j - 3600 - 2*j**2. Calculate h(3).
-19
Let q(y) = 13*y**3 - 3*y**2 + 94*y + 1. Let x(d) = -d**2 + 31*d. Let u(r) = -q(r) + 3*x(r). Suppose 4*c - 2*c - 3*s = -2, 5*c - s + 5 = 0. Calculate u(c).
13
Let l(d) = -2*d**2 - 1016 - 5*d + 508 - 10*d + 502. What is l(-7)?
1
Let s(o) = -173*o + 1036. Let k be s(6). Let f(m) = -12*m**3 - 4*m**2 - 7*m - 1. Calculate f(k).
93
Let h(l) = -l - 18026 + 9025 + 9017. What is h(9)?
7
Let c(k) = -k - 3. Let p = -9911 + 9907. What is c(p)?
1
Let m(t) = 14*t + 2. Suppose 43 = 24*a + 19. Calculate m(a).
16
Suppose 5*c = -0*c + 60. Let y(f) = f**3 + f - 8. Let t(q) = -6*q**3 + 12*q**2 - 3*q + 22. Let m(d) = -t(d) - 5*y(d). What is m(c)?
-6
Let z be -3 - (6/(-45) + 489/(-45)). Let n(x) = 5*x**3 + 6*x**2 + 29*x - 18. Let f(a) = 2*a**3 + 2*a**2 + 10*a - 6. Let b(y) = z*f(y) - 3*n(y). Determine b(4).
10
Suppose 7*m - 63 = -2*m. Let f(k) be the second derivative of 3/2*k**2 + 0 - 28*k - 1/3*k**3. Determine f(m).
-11
Let q(x) = 10 - 20*x**2 + 5*x + 31*x**3 - 38*x**3 - 12. Let b(j) = j**3 + 2*j**2 - j + 1. Let m(i) = 6*b(i) + q(i). What is m(-7)?
-38
Let u(r) be the second derivative of 1/3*r**3 + 0 + 0*r**2 - 14*r - 5/12*r**4 + 1/20*r**5. Suppose -4*o + 17 = 1. Determine u(o).
-8
Let s = 928 - 934. Let m(x) = 4*x + 42. Determine m(s).
18
Suppose 2*h - 4*o = -210, 2*h + 228 = 2*o + 24. Let z be (-2 - -1)*11/h*-9. Let v(g) = 38*g + 1. Determine v(z).
-37
Let g(h) = -14*h**2 + 15*h - 26. Let m(q) = 3*q**2 - 4*q + 6. Let a(j) = -2*g(j) - 9*m(j). Determine a(2).
14
Let x(s) = -2*s**2 + 2*s - 1. Suppose 8 + 16 = 3*m. Suppose -12 + m = -2*j. Give x(j).
-5
Let t(v) = -v. Suppose 4*y - 5*p + 27 = 0, -2*p + 3 = -813*y + 812*y. Determine t(y).
13
Let s(v) = 3*v - 6. Let i(q) = q**2 + 18*q + 35. Let x be i(-16). Suppose -14 = r - 4*m, 0 = -x*r - 2*m - 14. Determine s(r).
-24
Let i(f) = -152*f + 154*f + 32*f - 94. What is i(3)?
8
Suppose -109*g = -3*p - 114*g - 41, p = 4*g - 25. Let b(z) = 25 + 13*z - 19*z + 7*z. Calculate b(p).
8
Let n be 15 + 45/(-10)*2. Let o(z) = 5*z**2 - 15. Let t(c) = c**2 - c - 1. Let p(q) = n*t(q) - o(q). Calculate p(6).
9
Let b be (-6)/(-8) - 1377/204. Let q(n) = n**3 + n - 1. Let j(r) = 3*r**3 - 6*r**2 + 6*r. Let i(f) = j(f) - 4*q(f). Calculate i(b).
-8
Let k(h) be the first derivative of -h**5/20 - 3*h**4/4 - h**3/6 - 2*h**2 + 101*h - 90. Let u(w) be the first derivative of k(w). Calculate u(-9).
5
Let c(r) = r**3 - 8*r**2 - 10*r - 2. Let z = 42 - 59. Let f be (z - -5 - -4)*(0 + -2). Suppose 0 = -f*o + 20*o - 36. Calculate c(o).
-11
Let z(v) = 14*v**3 - 4*v**2 - 7*v**3 + v - 11*v**3 - 11*v**2 - 7. Let k(y) = 3*y**3 + 13*y**2 - 2*y + 6. Let o(i) = -5*k(i) - 4*z(i). Determine o(4).
6
Let w(c) = -c**2 - 13*c + 11. Suppose 4*r + 4*t - 23 = -27, t = -6*r - 31. Give w(r).
53
Let b(s) = s**2 + 16*s + 66. Let v be b(-11). Let p = 14 - v. Let f(r) = 2*r**3 - 3*r**2 - r - 1. Calculate f(p).
23
Let g(i) be the second derivative of -3*i**3/2 + 2*i**2 + i. Let s be ((-80)/56)/(11/(154/(-4))). Calculate g(s).
-41
Let d = -28 + 31. Suppose 3*q = -2 + 8. Let s(o) = -d*o + o**2 + 6*o - q*o. Calculate s(-2).
2
Let i(r) be the first derivative of 2*r**3/3 + 21*r**2/2 + 10*r - 1064. Give i(-10).
0
Let l be (-407)/(-77) - 4/14. Let v(s) be the second derivative of s**5/20 - 5*s**4/12 + 7*s**2/2 + 5*s + 4. Calculate v(l).
7
Let i(k) be the first derivative of -4*k**2 + 9*k - 1030. Calculate i(2).
-7
Let r(d) = 6*d + 164. Let i be r(-27). Let b(l) = -69 + 134 - 65 + 23*l**i. Determine b(1).
23
Let h(n) = 1. Let a(z) = 3*z - 10. Let q(c) = a(c) + 4*h(c). Let g = 36789 - 36782. Determine q(g).
15
Let d(f) be the second derivative of -f**4/12 + 2*f**3/3 + 35*f**2/2 - 2160*f. What is d(8)?
3
Let i(f) = -2*f. Let k(c) be the second derivative of c**3/3 + c + 4. Let p(o) = -4*i(o) - 2*k(o). Determine p(-1).
-4
Let y(q) = -16 - 7*q + 87 + 44 + 1 - 6. What is y(15)?
5
Let b = 308 + -305. Let c(l) = 7 + 5 + 4 - 3 - 2*l - b. Determine c(7).
-4
Suppose -2*v + 46*v = 88. Let k(n) = 28*n**v - 23*n**2 - n**3 - 31*n + 30*n. Let d = 5 + -1. Determine k(d).
12
Suppose -9 = 75*r - 72*r. Let j(m) = 24*m - 12*m - 15*m. What is j(r)?
9
Let u be -2 + 10/5 + -5. Let s(o) = 2*o**2 + 4*o + 2. Let z be s(-2). Let l(p) = p**2 - 3*p - z*p**2 - 11*p + 8*p. Give l(u).
5
Let t be ((-4)/6)/((-6)/18). Suppose 3*m - 2*f - 118 = 0, 3*m - 8*m + 218 = t*f. Let b(s) = -2*s + 42 + m - 76. Determine b(-6).
20
Let s(u) be the second derivative of -u**3/6 + 1130*u. Calculate s(-6).
6
Let t(g) = -g**2 + 11*g - 1. Let l be t(11). Let f be l - (1 + 0/(-3)). Let b(p) = -44 + p**3 - 2*p**3 - 8*p + 11*p - 2*p**2 + 45. What is b(f)?
-5
Let i(l) = 8*l*